{"id":129,"date":"2024-09-08T14:46:17","date_gmt":"2024-09-08T14:46:17","guid":{"rendered":"https:\/\/smartcare.consulting\/index.php\/mesmerize\/"},"modified":"2024-09-17T20:42:36","modified_gmt":"2024-09-17T20:42:36","slug":"mesmerize","status":"publish","type":"page","link":"https:\/\/smartcare.consulting\/","title":{"rendered":"Front Page"},"content":{"rendered":"<div  data-label=\"Features\" data-id=\"features--1\" data-export-id=\"features-12\" data-category=\"features\" class=\"features-12 content-section content-section-spacing \" id=\"features-3\" style=\"background-color: rgb(245, 250, 253);\"><div  class=\"gridContainer\"> <div  class=\"row text-center\"><div  class=\"section-title-col\" data-type=\"column\"> <h2  class=\"\">Gesundheitsmanagement neu \n<br >\ngedacht \u2013 mit KI an Ihrer Seite.<\/h2> <p  class=\"lead\"><\/p><\/div> <\/div> <div  class=\"row spaced-cols\" data-type=\"row\"> <div  class=\"col-sm-6\"> <div  class=\"row space-bottom\"> <div  class=\"col-sm-fit icon-column\"> <i  class=\"fa icon fa-connectdevelop round bordered color2\"><\/i> <\/div> <div  class=\"col-sm\" data-type=\"column\"> <h5  class=\"color2\">DIE MISSION<\/h5> <p  class=\"\">Gesundheitseinrichtungen dabei zu unterst\u00fctzen, KI-Technologien zur Optimierung der Patientenversorgung und Betriebseffizienz zu nutzen. \n<br ><br >Dabei sollen Kosten gesenkt und innovative L\u00f6sungen entwickelt werden. Zudem f\u00f6rdern wir eine Synergie zwischen Mitarbeitenden und Technologien, statt Arbeitspl\u00e4tze zu ersetzen.<\/p><\/div> <\/div><\/div> <div  class=\"col-sm-6\"><div  class=\"row space-bottom\"> <div  class=\"col-sm-fit icon-column\"><i  class=\"fa icon fa-codepen round bordered color2\"><\/i><\/div> <div  class=\"col-sm\" data-type=\"column\"><h5  class=\"color2\">DIE VISION<\/h5> <p  class=\"\">Eine Br\u00fccke zwischen traditioneller medizinischer Versorgung und modernster Technologie soll dazu beitragen, die Gesundheit und das Wohlbefinden der Menschen weltweit zu verbessern. \n<\/p><\/div> <\/div><\/div> <div  class=\"col-sm-6\"><div  class=\"row space-bottom\"> <div  class=\"col-sm-fit icon-column\"><i  class=\"fa icon fa-cube round bordered color2\"><\/i><\/div> <div  class=\"col-sm\" data-type=\"column\"><h5  class=\"color2\">DIE EXPERTISE<\/h5> <p  class=\"\">Durch das Studium \u201eDigital Health, Gesundheitsmanagement und K\u00fcnstliche Intelligenz\u201c vereine ich technologische Innovation mit Gesundheitswesen. Mein Fokus liegt auf der Implementierung von KI-L\u00f6sungen zur Optimierung der Patientenversorgung und Effizienzsteigerung in Gesundheitseinrichtungen.<\/p><\/div> <\/div><\/div> <div  class=\"col-sm-6\"><div  class=\"row space-bottom\"> <div  class=\"col-sm-fit icon-column\"><i  class=\"fa icon fa-database round bordered color2\"><\/i><\/div> <div  class=\"col-sm\" data-type=\"column\"><h5  class=\"color2\">WEITERE ANGEBOTE<\/h5> <p  class=\"\">Zu unseren Angeboten z\u00e4hlen auch Vortr\u00e4ge und Workshops zu folgenden Themen: Digitalisierung des Gesundheitswesens | <br >Digital-Health-Anwendungen | Longevity | Integration neuer Technologien | Ethische Aspekte des technologischen Wandels |\n<br >Zukunftsorientierte Perspektiven | Gesundheitsf\u00f6rderung am Arbeitsplatz <br ><br ><br >\n<\/p><\/div> <\/div><\/div> <\/div><\/div> <\/div><div  data-label=\"Team\" data-id=\"team--1\" data-export-id=\"team-5-mc\" data-category=\"team\" class=\"team-5-mc content-section content-section-spacing\" id=\"team-1\" style=\"background-color: rgb(245, 250, 253);\"><div  class=\"gridContainer\"> <div  class=\"row text-center\"><div  class=\"section-title-col\" data-type=\"column\"> <h5  class=\"\">DIE MENSCHEN DAHINTER<\/h5> <h2  class=\"\">Unsere Expert:innen.<\/h2> <p  class=\"lead\"><\/p><\/div> <\/div> <div  class=\"row spaced-cols content-center-sm\" data-type=\"row\">   <div  class=\"col-xs-12 col-sm-6 col-md-3 col-padding\"> <div  class=\"row \"> <div  data-type=\"column\" class=\"col-xs-12 col-sm-12\"> <img  decoding=\"async\" class=\"round face\" src=\"https:\/\/smartcare.consulting\/wp-content\/uploads\/2024\/08\/cropped-Foto_fmartinetz-scaled-2.jpg\" title=\"Foto_fmartinetz\" alt=\"\"> <h4  class=\"font-500\">Franziska Martinetz, MBA<\/h4> <p  class=\"italic\">Gesundheitsmanagerin\n<br >Digital Health &amp; KI-Expertin<\/p>  <div  class=\"social-icons-group\" data-type=\"group\"> <a href=\"#\" target=\"_self\" data-reiki-hidden=\"true\" rel=\"noopener\"><i  class=\"gray fa icon fa-facebook-square\"><\/i><\/a> <a href=\"#\" target=\"_self\" data-reiki-hidden=\"true\" rel=\"noopener\"><i  class=\"gray fa icon fa-twitter-square\"><\/i><\/a> <a href=\"https:\/\/www.linkedin.com\/in\/franziska-martinetz-6b742b23a\" target=\"_blank\" rel=\"noopener\" class=\"\"><i  class=\"gray fa icon fa-linkedin-square\"><\/i><\/a> <a href=\"#\" target=\"_self\" data-reiki-hidden=\"true\" rel=\"noopener\"><i  class=\"gray fa icon fa-google-plus-square\"><\/i><\/a><\/div> <\/div><\/div> <\/div> <div  class=\"col-xs-12 col-sm-6 col-md-3 col-padding\"> <div  class=\"row \"> <div  data-type=\"column\" class=\"col-xs-12 col-sm-12\"> <img  decoding=\"async\" class=\"round face\" src=\"https:\/\/smartcare.consulting\/wp-content\/uploads\/2024\/09\/cropped-1706031771207.jpg\" title=\"cropped-1706031771207.jpg\" alt=\"\"> <h4  class=\"font-500\">Patrick Martinetz<\/h4> <p  class=\"italic\">DGKP, FH-Lektor\n<br >Experte f\u00fcr Barrierefreiheit<\/p>  <div  class=\"social-icons-group\" data-type=\"group\"> <a href=\"#\" target=\"_self\" data-reiki-hidden=\"true\" rel=\"noopener\"><i  class=\"gray fa icon fa-facebook-square\"><\/i><\/a> <a href=\"#\" target=\"_self\" data-reiki-hidden=\"true\" rel=\"noopener\"><i  class=\"gray fa icon fa-twitter-square\"><\/i><\/a> <a href=\"https:\/\/www.linkedin.com\/in\/patrick-martinetz-5617b31b3\" target=\"_blank\" rel=\"noopener\" class=\"\"><i  class=\"gray fa icon fa-linkedin-square\"><\/i><\/a> <a href=\"https:\/\/www.medicsigns.at\" target=\"_blank\" rel=\"noopener\" class=\"\"><i  class=\"gray fa icon fa-globe\"><\/i><\/a><\/div> <\/div><\/div> <\/div><\/div> <\/div><\/div>","protected":false},"excerpt":{"rendered":"<p>Gesundheitsmanagement neu gedacht \u2013 mit KI an Ihrer Seite. DIE MISSION Gesundheitseinrichtungen dabei zu unterst\u00fctzen, KI-Technologien zur Optimierung der Patientenversorgung und Betriebseffizienz zu nutzen. Dabei sollen Kosten gesenkt und innovative L\u00f6sungen entwickelt werden. Zudem f\u00f6rdern wir eine Synergie zwischen Mitarbeitenden und Technologien, statt Arbeitspl\u00e4tze zu ersetzen. DIE VISION Eine Br\u00fccke zwischen traditioneller medizinischer Versorgung und&hellip; <br \/> <a class=\"read-more\" href=\"https:\/\/smartcare.consulting\/\">Weiterlesen<\/a><\/p>\n","protected":false},"author":1,"featured_media":0,"parent":0,"menu_order":0,"comment_status":"closed","ping_status":"closed","template":"page-templates\/homepage.php","meta":{"_themeisle_gutenberg_block_has_review":false,"footnotes":""},"class_list":["post-129","page","type-page","status-publish","hentry"],"_links":{"self":[{"href":"https:\/\/smartcare.consulting\/index.php\/wp-json\/wp\/v2\/pages\/129","targetHints":{"allow":["GET"]}}],"collection":[{"href":"https:\/\/smartcare.consulting\/index.php\/wp-json\/wp\/v2\/pages"}],"about":[{"href":"https:\/\/smartcare.consulting\/index.php\/wp-json\/wp\/v2\/types\/page"}],"author":[{"embeddable":true,"href":"https:\/\/smartcare.consulting\/index.php\/wp-json\/wp\/v2\/users\/1"}],"replies":[{"embeddable":true,"href":"https:\/\/smartcare.consulting\/index.php\/wp-json\/wp\/v2\/comments?post=129"}],"version-history":[{"count":9,"href":"https:\/\/smartcare.consulting\/index.php\/wp-json\/wp\/v2\/pages\/129\/revisions"}],"predecessor-version":[{"id":161,"href":"https:\/\/smartcare.consulting\/index.php\/wp-json\/wp\/v2\/pages\/129\/revisions\/161"}],"wp:attachment":[{"href":"https:\/\/smartcare.consulting\/index.php\/wp-json\/wp\/v2\/media?parent=129"}],"curies":[{"name":"wp","href":"https:\/\/api.w.org\/{rel}","templated":true}]}}